{"id":3484,"date":"2024-08-19T16:42:00","date_gmt":"2024-08-19T16:42:00","guid":{"rendered":"https:\/\/bretton.com.gt\/?page_id=3484"},"modified":"2025-07-29T03:38:21","modified_gmt":"2025-07-29T03:38:21","slug":"folders","status":"publish","type":"page","link":"https:\/\/bretton.com.gt\/index.php\/folders\/","title":{"rendered":"Folders"},"content":{"rendered":"\n<div style=\"height:80px\" aria-hidden=\"true\" class=\"wp-block-spacer\"><\/div>\n\n\n\n<div class=\"wp-block-columns is-layout-flex wp-container-core-columns-layout-1 wp-block-columns-is-layout-flex\">\n<div class=\"wp-block-column is-layout-flow wp-block-column-is-layout-flow\">\n<figure class=\"wp-block-image size-large\"><img loading=\"lazy\" decoding=\"async\" width=\"2160\" height=\"1728\" src=\"https:\/\/bretton.com.gt\/wp-content\/uploads\/2024\/08\/Folder-Oficio-con-Agarrador-colores-edited-1.jpg\" alt=\"\" class=\"wp-image-3532\" srcset=\"https:\/\/bretton.com.gt\/wp-content\/uploads\/2024\/08\/Folder-Oficio-con-Agarrador-colores-edited-1.jpg 2160w, https:\/\/bretton.com.gt\/wp-content\/uploads\/2024\/08\/Folder-Oficio-con-Agarrador-colores-edited-1-600x480.jpg 600w, https:\/\/bretton.com.gt\/wp-content\/uploads\/2024\/08\/Folder-Oficio-con-Agarrador-colores-edited-1-300x240.jpg 300w, https:\/\/bretton.com.gt\/wp-content\/uploads\/2024\/08\/Folder-Oficio-con-Agarrador-colores-edited-1-1024x819.jpg 1024w, https:\/\/bretton.com.gt\/wp-content\/uploads\/2024\/08\/Folder-Oficio-con-Agarrador-colores-edited-1-768x614.jpg 768w, https:\/\/bretton.com.gt\/wp-content\/uploads\/2024\/08\/Folder-Oficio-con-Agarrador-colores-edited-1-1536x1229.jpg 1536w, https:\/\/bretton.com.gt\/wp-content\/uploads\/2024\/08\/Folder-Oficio-con-Agarrador-colores-edited-1-2048x1638.jpg 2048w\" sizes=\"(max-width: 2160px) 100vw, 2160px\" \/><\/figure>\n\n\n\n<h3 class=\"wp-block-heading has-neve-text-color-color has-text-color\">Folder Colgante<\/h3>\n\n\n\n<p class=\"has-neve-text-color-color has-text-color\">Un folder colgante es un tipo de carpeta dise\u00f1ada para organizar documentos en un archivo o estante. Se caracteriza por tener una serie de ganchos o leng\u00fcetas en los laterales que permiten colgarlo en una barra o rail dentro de un sistema de archivo.<\/p>\n\n\n\n<div class=\"wp-block-buttons is-layout-flex wp-block-buttons-is-layout-flex\">\n<div class=\"wp-block-button\"><a class=\"wp-block-button__link wp-element-button\" href=\"https:\/\/bretton.com.gt\/index.php\/product\/folder-colgante\/\">Mostrar Productos<\/a><\/div>\n<\/div>\n<\/div>\n\n\n\n<div class=\"wp-block-column is-layout-flow wp-block-column-is-layout-flow\">\n<figure class=\"wp-block-image size-large\"><img loading=\"lazy\" decoding=\"async\" width=\"1024\" height=\"819\" src=\"https:\/\/bretton.com.gt\/wp-content\/uploads\/2024\/08\/foto-subgrupo-1024x819.jpg\" alt=\"\" class=\"wp-image-3578\" srcset=\"https:\/\/bretton.com.gt\/wp-content\/uploads\/2024\/08\/foto-subgrupo-1024x819.jpg 1024w, https:\/\/bretton.com.gt\/wp-content\/uploads\/2024\/08\/foto-subgrupo-600x480.jpg 600w, https:\/\/bretton.com.gt\/wp-content\/uploads\/2024\/08\/foto-subgrupo-300x240.jpg 300w, https:\/\/bretton.com.gt\/wp-content\/uploads\/2024\/08\/foto-subgrupo-768x614.jpg 768w, https:\/\/bretton.com.gt\/wp-content\/uploads\/2024\/08\/foto-subgrupo-1536x1229.jpg 1536w, https:\/\/bretton.com.gt\/wp-content\/uploads\/2024\/08\/foto-subgrupo-2048x1638.jpg 2048w\" sizes=\"(max-width: 1024px) 100vw, 1024px\" \/><\/figure>\n\n\n\n<h3 class=\"wp-block-heading has-neve-text-color-color has-text-color\">Folder Convencional<\/h3>\n\n\n\n<p class=\"has-neve-text-color-color has-text-color\">Nuestros folders tradicionales los puedes encontrar en diversos colores, tanto por dentro como por fuera. Se encuentran disponibles en tama\u00f1o carta y oficio para que puedas llevar tus documentos con la mayor seguridad. <\/p>\n\n\n\n<div class=\"wp-block-buttons is-layout-flex wp-block-buttons-is-layout-flex\">\n<div class=\"wp-block-button\"><a class=\"wp-block-button__link wp-element-button\" href=\"https:\/\/bretton.com.gt\/index.php\/product\/folder-unitario\/\">Unidad<\/a><\/div>\n\n\n\n<div class=\"wp-block-button\"><a class=\"wp-block-button__link wp-element-button\" href=\"https:\/\/bretton.com.gt\/index.php\/product\/folder-convencional-x25\/\">Bolsa X 25<\/a><\/div>\n<\/div>\n<\/div>\n<\/div>\n\n\n\n<div class=\"wp-block-columns is-layout-flex wp-container-core-columns-layout-2 wp-block-columns-is-layout-flex\">\n<div class=\"wp-block-column is-layout-flow wp-block-column-is-layout-flow\">\n<figure class=\"wp-block-image size-large\"><img loading=\"lazy\" decoding=\"async\" width=\"1024\" height=\"819\" src=\"https:\/\/bretton.com.gt\/wp-content\/uploads\/2024\/08\/Folders-A4-plastico-Colores-grupo-1-1024x819.jpg\" alt=\"\" class=\"wp-image-3502\" srcset=\"https:\/\/bretton.com.gt\/wp-content\/uploads\/2024\/08\/Folders-A4-plastico-Colores-grupo-1-1024x819.jpg 1024w, https:\/\/bretton.com.gt\/wp-content\/uploads\/2024\/08\/Folders-A4-plastico-Colores-grupo-1-600x480.jpg 600w, https:\/\/bretton.com.gt\/wp-content\/uploads\/2024\/08\/Folders-A4-plastico-Colores-grupo-1-300x240.jpg 300w, https:\/\/bretton.com.gt\/wp-content\/uploads\/2024\/08\/Folders-A4-plastico-Colores-grupo-1-768x614.jpg 768w, https:\/\/bretton.com.gt\/wp-content\/uploads\/2024\/08\/Folders-A4-plastico-Colores-grupo-1.jpg 1500w\" sizes=\"(max-width: 1024px) 100vw, 1024px\" \/><\/figure>\n\n\n\n<h3 class=\"wp-block-heading has-neve-text-color-color has-text-color\">Folder Pl\u00e1stico<\/h3>\n\n\n\n<p class=\"has-neve-text-color-color has-text-color\">Se utiliza para organizar y proteger documentos. Su portada transparente permite ver el contenido sin necesidad de abrirlo. Es resistente al agua y a los da\u00f1os, lo que lo hace ideal para el uso frecuente y para proteger los documentos de manchas, rasgaduras y deterioro.<\/p>\n\n\n\n<div class=\"wp-block-buttons is-layout-flex wp-block-buttons-is-layout-flex\">\n<div class=\"wp-block-button\"><a class=\"wp-block-button__link wp-element-button\" href=\"https:\/\/bretton.com.gt\/index.php\/product\/folder-plastico\/\">Mostrar Productos<\/a><\/div>\n<\/div>\n<\/div>\n\n\n\n<div class=\"wp-block-column is-layout-flow wp-block-column-is-layout-flow\">\n<figure class=\"wp-block-image size-large is-resized\"><img loading=\"lazy\" decoding=\"async\" width=\"1090\" height=\"1090\" src=\"https:\/\/bretton.com.gt\/wp-content\/uploads\/2024\/08\/Folder-Manila-Carta-Bretton-9-edited-2.jpg\" alt=\"\" class=\"wp-image-4407\" style=\"width:454px;height:auto\" srcset=\"https:\/\/bretton.com.gt\/wp-content\/uploads\/2024\/08\/Folder-Manila-Carta-Bretton-9-edited-2.jpg 1090w, https:\/\/bretton.com.gt\/wp-content\/uploads\/2024\/08\/Folder-Manila-Carta-Bretton-9-edited-2-300x300.jpg 300w, https:\/\/bretton.com.gt\/wp-content\/uploads\/2024\/08\/Folder-Manila-Carta-Bretton-9-edited-2-100x100.jpg 100w, https:\/\/bretton.com.gt\/wp-content\/uploads\/2024\/08\/Folder-Manila-Carta-Bretton-9-edited-2-600x600.jpg 600w, https:\/\/bretton.com.gt\/wp-content\/uploads\/2024\/08\/Folder-Manila-Carta-Bretton-9-edited-2-1024x1024.jpg 1024w, https:\/\/bretton.com.gt\/wp-content\/uploads\/2024\/08\/Folder-Manila-Carta-Bretton-9-edited-2-150x150.jpg 150w, https:\/\/bretton.com.gt\/wp-content\/uploads\/2024\/08\/Folder-Manila-Carta-Bretton-9-edited-2-768x768.jpg 768w, https:\/\/bretton.com.gt\/wp-content\/uploads\/2024\/08\/Folder-Manila-Carta-Bretton-9-edited-2-50x50.jpg 50w\" sizes=\"(max-width: 1090px) 100vw, 1090px\" \/><\/figure>\n\n\n\n<h3 class=\"wp-block-heading has-neve-text-color-color has-text-color\">Folder Manila<\/h3>\n\n\n\n<p class=\"has-neve-text-color-color has-text-color\">Un folder manila es un tipo de carpeta hecha de cart\u00f3n resistente con un acabado de color beige o manila. Este tipo de carpeta se utiliza com\u00fanmente para organizar y proteger documentos en oficinas y entornos administrativos.<\/p>\n\n\n\n<div class=\"wp-block-buttons is-layout-flex wp-block-buttons-is-layout-flex\">\n<div class=\"wp-block-button\"><a class=\"wp-block-button__link wp-element-button\" href=\"https:\/\/bretton.com.gt\/index.php\/product\/folder-manila\/\">Mostrar Productos<\/a><\/div>\n<\/div>\n<\/div>\n<\/div>\n\n\n\n<div class=\"wp-block-columns is-layout-flex wp-container-core-columns-layout-3 wp-block-columns-is-layout-flex\">\n<div class=\"wp-block-column is-layout-flow wp-block-column-is-layout-flow\">\n<figure class=\"wp-block-image size-large\"><img loading=\"lazy\" decoding=\"async\" width=\"1024\" height=\"819\" src=\"https:\/\/bretton.com.gt\/wp-content\/uploads\/2024\/08\/Folder-con-clip-Colores-grupo-1-1024x819.jpg\" alt=\"\" class=\"wp-image-3508\" srcset=\"https:\/\/bretton.com.gt\/wp-content\/uploads\/2024\/08\/Folder-con-clip-Colores-grupo-1-1024x819.jpg 1024w, https:\/\/bretton.com.gt\/wp-content\/uploads\/2024\/08\/Folder-con-clip-Colores-grupo-1-600x480.jpg 600w, https:\/\/bretton.com.gt\/wp-content\/uploads\/2024\/08\/Folder-con-clip-Colores-grupo-1-300x240.jpg 300w, https:\/\/bretton.com.gt\/wp-content\/uploads\/2024\/08\/Folder-con-clip-Colores-grupo-1-768x614.jpg 768w, https:\/\/bretton.com.gt\/wp-content\/uploads\/2024\/08\/Folder-con-clip-Colores-grupo-1.jpg 1500w\" sizes=\"(max-width: 1024px) 100vw, 1024px\" \/><\/figure>\n\n\n\n<h3 class=\"wp-block-heading has-neve-text-color-color has-text-color\">Folder Pl\u00e1stico con Clip<\/h3>\n\n\n\n<p class=\"has-neve-text-color-color has-text-color\">Un folder pl\u00e1stico con clip es una carpeta fabricada en pl\u00e1stico que incluye un clip de pl\u00e1stico en su interior para sujetar documentos. Este tipo de folder proporciona una forma eficiente de mantener los papeles organizados y en su lugar sin necesidad de usar grapas o clips adicionales.<\/p>\n\n\n\n<div class=\"wp-block-buttons is-layout-flex wp-block-buttons-is-layout-flex\">\n<div class=\"wp-block-button\"><a class=\"wp-block-button__link wp-element-button\" href=\"https:\/\/bretton.com.gt\/index.php\/product\/folders-con-clip\/\">Mostrar Productos<\/a><\/div>\n<\/div>\n<\/div>\n\n\n\n<div class=\"wp-block-column is-layout-flow wp-block-column-is-layout-flow\">\n<h3 class=\"wp-block-heading has-neve-text-color-color has-text-color\"><\/h3>\n\n\n\n<p class=\"has-neve-text-color-color has-text-color\"><\/p>\n<\/div>\n<\/div>\n\n\n\n<div style=\"height:50px\" aria-hidden=\"true\" class=\"wp-block-spacer\"><\/div>\n","protected":false},"excerpt":{"rendered":"<p>Folder Colgante Un folder colgante es un tipo de carpeta dise\u00f1ada para organizar documentos en un archivo o estante. Se caracteriza por tener una serie de ganchos o leng\u00fcetas en los laterales que permiten colgarlo en una barra o rail dentro de un sistema de archivo. Folder Convencional Nuestros folders tradicionales los puedes encontrar en [&hellip;]<\/p>\n","protected":false},"author":1,"featured_media":0,"parent":0,"menu_order":0,"comment_status":"closed","ping_status":"closed","template":"","meta":{"_themeisle_gutenberg_block_has_review":false,"_ti_tpc_template_sync":false,"_ti_tpc_template_id":"","footnotes":""},"blocksy_meta":[],"jetpack_sharing_enabled":true,"_links":{"self":[{"href":"https:\/\/bretton.com.gt\/index.php\/wp-json\/wp\/v2\/pages\/3484"}],"collection":[{"href":"https:\/\/bretton.com.gt\/index.php\/wp-json\/wp\/v2\/pages"}],"about":[{"href":"https:\/\/bretton.com.gt\/index.php\/wp-json\/wp\/v2\/types\/page"}],"author":[{"embeddable":true,"href":"https:\/\/bretton.com.gt\/index.php\/wp-json\/wp\/v2\/users\/1"}],"replies":[{"embeddable":true,"href":"https:\/\/bretton.com.gt\/index.php\/wp-json\/wp\/v2\/comments?post=3484"}],"version-history":[{"count":10,"href":"https:\/\/bretton.com.gt\/index.php\/wp-json\/wp\/v2\/pages\/3484\/revisions"}],"predecessor-version":[{"id":7922,"href":"https:\/\/bretton.com.gt\/index.php\/wp-json\/wp\/v2\/pages\/3484\/revisions\/7922"}],"wp:attachment":[{"href":"https:\/\/bretton.com.gt\/index.php\/wp-json\/wp\/v2\/media?parent=3484"}],"curies":[{"name":"wp","href":"https:\/\/api.w.org\/{rel}","templated":true}]}}