{"id":2979,"date":"2024-08-09T16:36:53","date_gmt":"2024-08-09T16:36:53","guid":{"rendered":"https:\/\/bretton.com.gt\/?page_id=2979"},"modified":"2025-07-24T22:22:34","modified_gmt":"2025-07-24T22:22:34","slug":"cortinas","status":"publish","type":"page","link":"https:\/\/bretton.com.gt\/index.php\/cortinas\/","title":{"rendered":"CORTINAS"},"content":{"rendered":"\n<div class=\"wp-block-columns is-layout-flex wp-container-core-columns-layout-1 wp-block-columns-is-layout-flex\">\n<div class=\"wp-block-column is-layout-flow wp-block-column-is-layout-flow\">\n<figure class=\"wp-block-image size-large\"><img loading=\"lazy\" decoding=\"async\" width=\"1024\" height=\"683\" src=\"https:\/\/bretton.com.gt\/wp-content\/uploads\/2024\/08\/close-up-glitter-decoration-detail-1024x683.jpg\" alt=\"\" class=\"wp-image-2980\" style=\"aspect-ratio:4\/3;object-fit:cover\" srcset=\"https:\/\/bretton.com.gt\/wp-content\/uploads\/2024\/08\/close-up-glitter-decoration-detail-1024x683.jpg 1024w, https:\/\/bretton.com.gt\/wp-content\/uploads\/2024\/08\/close-up-glitter-decoration-detail-scaled-600x400.jpg 600w, https:\/\/bretton.com.gt\/wp-content\/uploads\/2024\/08\/close-up-glitter-decoration-detail-300x200.jpg 300w, https:\/\/bretton.com.gt\/wp-content\/uploads\/2024\/08\/close-up-glitter-decoration-detail-768x512.jpg 768w, https:\/\/bretton.com.gt\/wp-content\/uploads\/2024\/08\/close-up-glitter-decoration-detail-1536x1024.jpg 1536w, https:\/\/bretton.com.gt\/wp-content\/uploads\/2024\/08\/close-up-glitter-decoration-detail-2048x1365.jpg 2048w, https:\/\/bretton.com.gt\/wp-content\/uploads\/2024\/08\/close-up-glitter-decoration-detail-930x620.jpg 930w\" sizes=\"(max-width: 1024px) 100vw, 1024px\" \/><\/figure>\n\n\n\n<h3 class=\"wp-block-heading has-neve-text-color-color has-text-color\">Cortinas De Cintas<\/h3>\n\n\n\n<p class=\"has-neve-text-color-color has-text-color\">Cortinas de cintas met\u00e1licas y hologr\u00e1ficas para fiestas, ideales para crear fondos vibrantes y llamativos. A\u00f1aden un efecto deslumbrante y festivo a cualquier celebraci\u00f3n. <\/p>\n\n\n\n<div id=\"wp-block-themeisle-blocks-button-group-ccba20ab\" class=\"wp-block-themeisle-blocks-button-group wp-block-buttons\">\n<div id=\"wp-block-themeisle-blocks-button-dd5f2d45\" class=\"wp-block-themeisle-blocks-button wp-block-button\"><a href=\"https:\/\/bretton.com.gt\/index.php\/product\/cortinas-de-cintas\/\" target=\"_self\" rel=\"noopener noreferrer\" class=\"wp-block-button__link\"><span>Mostrar Producto<\/span><\/a><\/div>\n<\/div>\n<\/div>\n\n\n\n<div class=\"wp-block-column is-layout-flow wp-block-column-is-layout-flow\">\n<figure class=\"wp-block-image size-large\"><img loading=\"lazy\" decoding=\"async\" width=\"1024\" height=\"677\" src=\"https:\/\/bretton.com.gt\/wp-content\/uploads\/2024\/08\/shutterstock_2314090013-1024x677.jpg\" alt=\"\" class=\"wp-image-2981\" style=\"aspect-ratio:4\/3;object-fit:cover\" srcset=\"https:\/\/bretton.com.gt\/wp-content\/uploads\/2024\/08\/shutterstock_2314090013-1024x677.jpg 1024w, https:\/\/bretton.com.gt\/wp-content\/uploads\/2024\/08\/shutterstock_2314090013-scaled-600x397.jpg 600w, https:\/\/bretton.com.gt\/wp-content\/uploads\/2024\/08\/shutterstock_2314090013-300x198.jpg 300w, https:\/\/bretton.com.gt\/wp-content\/uploads\/2024\/08\/shutterstock_2314090013-768x508.jpg 768w, https:\/\/bretton.com.gt\/wp-content\/uploads\/2024\/08\/shutterstock_2314090013-1536x1015.jpg 1536w, https:\/\/bretton.com.gt\/wp-content\/uploads\/2024\/08\/shutterstock_2314090013-2048x1354.jpg 2048w\" sizes=\"(max-width: 1024px) 100vw, 1024px\" \/><\/figure>\n\n\n\n<h3 class=\"wp-block-heading has-neve-text-color-color has-text-color\">Cortinas De Cuadros<\/h3>\n\n\n\n<p class=\"has-neve-text-color-color has-text-color\">Cortinas de cuadros met\u00e1licos y hologr\u00e1ficos para fiestas, perfectas para a\u00f1adir un toque de elegancia y brillo a tus eventos. Crean fondos deslumbrantes y modernos con un estilo \u00fanico.<\/p>\n\n\n\n<div id=\"wp-block-themeisle-blocks-button-group-fadcc947\" class=\"wp-block-themeisle-blocks-button-group wp-block-buttons\">\n<div id=\"wp-block-themeisle-blocks-button-3f9d90de\" class=\"wp-block-themeisle-blocks-button wp-block-button\"><a href=\"https:\/\/bretton.com.gt\/index.php\/product\/cortinas-de-cuadros\/\" target=\"_self\" rel=\"noopener noreferrer\" class=\"wp-block-button__link\"><span>Mostrar Producto<\/span><\/a><\/div>\n<\/div>\n<\/div>\n<\/div>\n\n\n\n<div style=\"height:50px\" aria-hidden=\"true\" class=\"wp-block-spacer\"><\/div>\n\n\n\n<div class=\"wp-block-cover alignfull is-light\" style=\"min-height:300px\"><span aria-hidden=\"true\" class=\"wp-block-cover__background has-nv-dark-bg-background-color has-background-dim-100 has-background-dim\"><\/span><div class=\"wp-block-cover__inner-container is-layout-flow wp-block-cover-is-layout-flow\">\n<div style=\"height:80px\" aria-hidden=\"true\" class=\"wp-block-spacer\"><\/div>\n\n\n\n<h2 class=\"wp-block-heading has-text-align-left has-nv-text-dark-bg-color has-text-color\">Dark Section Headline<\/h2>\n\n\n\n<p class=\"has-nv-text-dark-bg-color has-text-color\">Drinking vinegar freegan flexitarian, meggings cornhole gentrify helvetica plaid jianbing cronut blog distillery disrupt. Swag schlitz umami pabst, thundercats pug skateboard yuccie bicycle rights readymade unicorn pok pok flannel. Hell of single-origin coffee cold-pressed snackwave raclette.<\/p>\n\n\n\n<div style=\"height:40px\" aria-hidden=\"true\" class=\"wp-block-spacer\"><\/div>\n\n\n\n<div class=\"wp-block-columns is-layout-flex wp-container-core-columns-layout-2 wp-block-columns-is-layout-flex\">\n<div class=\"wp-block-column is-layout-flow wp-block-column-is-layout-flow\">\n<figure class=\"wp-block-image size-large\"><img decoding=\"async\" src=\"https:\/\/api.themeisle.com\/templates-data\/2021\/06\/ebf0233ced7259cf0838b7ba6d3aee079f6ug0twj04pj1nieep0\/images\/neve-patterns-9.jpg\" alt=\"\" class=\"wp-image-404\"\/><\/figure>\n\n\n\n<h3 class=\"wp-block-heading has-nv-text-dark-bg-color has-text-color\">Product Headline<\/h3>\n<\/div>\n\n\n\n<div class=\"wp-block-column is-layout-flow wp-block-column-is-layout-flow\">\n<figure class=\"wp-block-image size-large\"><img decoding=\"async\" src=\"https:\/\/api.themeisle.com\/templates-data\/2021\/06\/ebf0233ced7259cf0838b7ba6d3aee079f6ug0twj04pj1nieep0\/images\/neve-patterns-11.jpg\" alt=\"\" class=\"wp-image-406\"\/><\/figure>\n\n\n\n<h3 class=\"wp-block-heading has-nv-text-dark-bg-color has-text-color\">Product Headline<\/h3>\n<\/div>\n\n\n\n<div class=\"wp-block-column is-layout-flow wp-block-column-is-layout-flow\">\n<figure class=\"wp-block-image size-large\"><img decoding=\"async\" src=\"https:\/\/api.themeisle.com\/templates-data\/2021\/06\/ebf0233ced7259cf0838b7ba6d3aee079f6ug0twj04pj1nieep0\/images\/neve-patterns-10.jpg\" alt=\"\" class=\"wp-image-405\"\/><\/figure>\n\n\n\n<h3 class=\"wp-block-heading has-nv-text-dark-bg-color has-text-color\">Product Headline<\/h3>\n<\/div>\n<\/div>\n\n\n\n<div style=\"height:50px\" aria-hidden=\"true\" class=\"wp-block-spacer\"><\/div>\n<\/div><\/div>\n\n\n\n<div class=\"wp-block-cover alignfull is-light\" style=\"min-height:300px\"><span aria-hidden=\"true\" class=\"wp-block-cover__background has-nv-light-bg-background-color has-background-dim-100 has-background-dim\"><\/span><div class=\"wp-block-cover__inner-container is-layout-flow wp-block-cover-is-layout-flow\">\n<div style=\"height:80px\" aria-hidden=\"true\" class=\"wp-block-spacer\"><\/div>\n\n\n\n<h2 class=\"wp-block-heading has-text-align-left has-neve-text-color-color has-text-color\">Light Section<\/h2>\n\n\n\n<div style=\"height:40px\" aria-hidden=\"true\" class=\"wp-block-spacer\"><\/div>\n\n\n\n<div class=\"wp-block-columns is-layout-flex wp-container-core-columns-layout-3 wp-block-columns-is-layout-flex\">\n<div class=\"wp-block-column is-layout-flow wp-block-column-is-layout-flow\">\n<figure class=\"wp-block-image size-large\"><img decoding=\"async\" src=\"https:\/\/api.themeisle.com\/templates-data\/2021\/06\/ebf0233ced7259cf0838b7ba6d3aee079f6ug0twj04pj1nieep0\/images\/neve-patterns-14.jpg\" alt=\"\" class=\"wp-image-413\"\/><\/figure>\n\n\n\n<h3 class=\"wp-block-heading has-neve-text-color-color has-text-color\">Product Headline<\/h3>\n\n\n\n<p class=\"has-neve-text-color-color has-text-color\">Selvage squid vice pabst raw denim enamel pin green juice street art deep v listicle health goth gentrify. Thundercats pug yuccie bicycle. <\/p>\n<\/div>\n\n\n\n<div class=\"wp-block-column is-layout-flow wp-block-column-is-layout-flow\">\n<figure class=\"wp-block-image size-large\"><img decoding=\"async\" src=\"https:\/\/api.themeisle.com\/templates-data\/2021\/06\/ebf0233ced7259cf0838b7ba6d3aee079f6ug0twj04pj1nieep0\/images\/neve-patterns-20.jpg\" alt=\"\" class=\"wp-image-419\"\/><\/figure>\n\n\n\n<h3 class=\"wp-block-heading has-neve-text-color-color has-text-color\">Product Headline<\/h3>\n\n\n\n<p class=\"has-neve-text-color-color has-text-color\">Selvage squid vice pabst raw denim enamel pin green juice street art deep v listicle health goth gentrify. Thundercats pug yuccie bicycle. <\/p>\n<\/div>\n<\/div>\n\n\n\n<div style=\"height:80px\" aria-hidden=\"true\" class=\"wp-block-spacer\"><\/div>\n<\/div><\/div>\n","protected":false},"excerpt":{"rendered":"<p>Cortinas De Cintas Cortinas de cintas met\u00e1licas y hologr\u00e1ficas para fiestas, ideales para crear fondos vibrantes y llamativos. A\u00f1aden un efecto deslumbrante y festivo a cualquier celebraci\u00f3n. Cortinas De Cuadros Cortinas de cuadros met\u00e1licos y hologr\u00e1ficos para fiestas, perfectas para a\u00f1adir un toque de elegancia y brillo a tus eventos. Crean fondos deslumbrantes y modernos [&hellip;]<\/p>\n","protected":false},"author":2,"featured_media":0,"parent":0,"menu_order":0,"comment_status":"closed","ping_status":"closed","template":"","meta":{"_themeisle_gutenberg_block_has_review":false,"_ti_tpc_template_sync":false,"_ti_tpc_template_id":"","footnotes":""},"blocksy_meta":[],"jetpack_sharing_enabled":true,"_links":{"self":[{"href":"https:\/\/bretton.com.gt\/index.php\/wp-json\/wp\/v2\/pages\/2979"}],"collection":[{"href":"https:\/\/bretton.com.gt\/index.php\/wp-json\/wp\/v2\/pages"}],"about":[{"href":"https:\/\/bretton.com.gt\/index.php\/wp-json\/wp\/v2\/types\/page"}],"author":[{"embeddable":true,"href":"https:\/\/bretton.com.gt\/index.php\/wp-json\/wp\/v2\/users\/2"}],"replies":[{"embeddable":true,"href":"https:\/\/bretton.com.gt\/index.php\/wp-json\/wp\/v2\/comments?post=2979"}],"version-history":[{"count":6,"href":"https:\/\/bretton.com.gt\/index.php\/wp-json\/wp\/v2\/pages\/2979\/revisions"}],"predecessor-version":[{"id":7684,"href":"https:\/\/bretton.com.gt\/index.php\/wp-json\/wp\/v2\/pages\/2979\/revisions\/7684"}],"wp:attachment":[{"href":"https:\/\/bretton.com.gt\/index.php\/wp-json\/wp\/v2\/media?parent=2979"}],"curies":[{"name":"wp","href":"https:\/\/api.w.org\/{rel}","templated":true}]}}