{"id":2684,"date":"2024-08-06T17:51:20","date_gmt":"2024-08-06T17:51:20","guid":{"rendered":"https:\/\/bretton.com.gt\/?page_id=2684"},"modified":"2025-08-12T03:27:02","modified_gmt":"2025-08-12T03:27:02","slug":"organizar","status":"publish","type":"page","link":"https:\/\/bretton.com.gt\/index.php\/organizar\/","title":{"rendered":"Organizar"},"content":{"rendered":"\n<div class=\"wp-block-cover alignfull\" style=\"min-height:360px\"><span aria-hidden=\"true\" class=\"wp-block-cover__background has-neve-link-color-background-color has-background-dim-80 has-background-dim\"><\/span><img loading=\"lazy\" decoding=\"async\" width=\"4000\" height=\"6000\" class=\"wp-block-cover__image-background wp-image-2583\" alt=\"\" src=\"https:\/\/bretton.com.gt\/wp-content\/uploads\/2024\/08\/APRENDER_01.png\" data-object-fit=\"cover\" srcset=\"https:\/\/bretton.com.gt\/wp-content\/uploads\/2024\/08\/APRENDER_01.png 4000w, https:\/\/bretton.com.gt\/wp-content\/uploads\/2024\/08\/APRENDER_01-600x900.png 600w, https:\/\/bretton.com.gt\/wp-content\/uploads\/2024\/08\/APRENDER_01-200x300.png 200w, https:\/\/bretton.com.gt\/wp-content\/uploads\/2024\/08\/APRENDER_01-683x1024.png 683w, https:\/\/bretton.com.gt\/wp-content\/uploads\/2024\/08\/APRENDER_01-768x1152.png 768w, https:\/\/bretton.com.gt\/wp-content\/uploads\/2024\/08\/APRENDER_01-1024x1536.png 1024w, https:\/\/bretton.com.gt\/wp-content\/uploads\/2024\/08\/APRENDER_01-1365x2048.png 1365w\" sizes=\"(max-width: 4000px) 100vw, 4000px\" \/><div class=\"wp-block-cover__inner-container is-layout-flow wp-block-cover-is-layout-flow\">\n<div style=\"height:100px\" aria-hidden=\"true\" class=\"wp-block-spacer\"><\/div>\n\n\n\n<h1 class=\"wp-block-heading has-text-align-center has-nv-text-dark-bg-color has-text-color\">Organizar<\/h1>\n\n\n\n<div style=\"height:100px\" aria-hidden=\"true\" class=\"wp-block-spacer\"><\/div>\n<\/div><\/div>\n\n\n\n<div style=\"height:80px\" aria-hidden=\"true\" class=\"wp-block-spacer\"><\/div>\n\n\n\n<div class=\"wp-block-columns is-layout-flex wp-container-core-columns-layout-1 wp-block-columns-is-layout-flex\">\n<div class=\"wp-block-column is-layout-flow wp-block-column-is-layout-flow\" style=\"flex-basis:50%\">\n<figure class=\"wp-block-image size-large\"><img loading=\"lazy\" decoding=\"async\" width=\"1024\" height=\"819\" src=\"https:\/\/bretton.com.gt\/wp-content\/uploads\/2025\/08\/CAJA-DE-SEGURIDAD.1-1024x819.jpg\" alt=\"\" class=\"wp-image-7978\" style=\"aspect-ratio:4\/3;object-fit:cover\" srcset=\"https:\/\/bretton.com.gt\/wp-content\/uploads\/2025\/08\/CAJA-DE-SEGURIDAD.1-1024x819.jpg 1024w, https:\/\/bretton.com.gt\/wp-content\/uploads\/2025\/08\/CAJA-DE-SEGURIDAD.1-300x240.jpg 300w, https:\/\/bretton.com.gt\/wp-content\/uploads\/2025\/08\/CAJA-DE-SEGURIDAD.1-768x614.jpg 768w, https:\/\/bretton.com.gt\/wp-content\/uploads\/2025\/08\/CAJA-DE-SEGURIDAD.1-1536x1229.jpg 1536w, https:\/\/bretton.com.gt\/wp-content\/uploads\/2025\/08\/CAJA-DE-SEGURIDAD.1-2048x1638.jpg 2048w, https:\/\/bretton.com.gt\/wp-content\/uploads\/2025\/08\/CAJA-DE-SEGURIDAD.1-600x480.jpg 600w\" sizes=\"(max-width: 1024px) 100vw, 1024px\" \/><\/figure>\n<\/div>\n\n\n\n<div class=\"wp-block-column is-vertically-aligned-center is-layout-flow wp-block-column-is-layout-flow\" style=\"flex-basis:50%\">\n<h2 class=\"wp-block-heading\">Caja de Seguridad<\/h2>\n\n\n\n<p>Nuestra caja de seguridad es la soluci\u00f3n ideal para proteger tus objetos de valor con m\u00e1xima seguridad y tranquilidad. Con opciones de anclaje para una instalaci\u00f3n segura en tu hogar u oficina, nuestra caja de seguridad combina funcionalidad, durabilidad y un dise\u00f1o discreto para brindar la m\u00e1xima protecci\u00f3n a tus pertenencias m\u00e1s preciadas.<\/p>\n\n\n\n<div class=\"wp-block-buttons is-layout-flex wp-block-buttons-is-layout-flex\">\n<div class=\"wp-block-button is-style-secondary\"><a class=\"wp-block-button__link wp-element-button\" href=\"https:\/\/bretton.com.gt\/index.php\/caja-de-seguridad\/\">Ver Productos<\/a><\/div>\n<\/div>\n<\/div>\n<\/div>\n\n\n\n<div class=\"wp-block-columns has-palette-color-6-background-color has-background is-layout-flex wp-container-core-columns-layout-2 wp-block-columns-is-layout-flex\">\n<div class=\"wp-block-column is-vertically-aligned-center is-layout-flow wp-block-column-is-layout-flow\" style=\"flex-basis:50%\">\n<figure class=\"wp-block-image size-large\"><img loading=\"lazy\" decoding=\"async\" width=\"1024\" height=\"682\" src=\"https:\/\/bretton.com.gt\/wp-content\/uploads\/2024\/08\/WhatsApp-Image-2024-08-21-at-12.37.31-1024x682.jpeg\" alt=\"\" class=\"wp-image-4105\" style=\"aspect-ratio:4\/3;object-fit:cover\" srcset=\"https:\/\/bretton.com.gt\/wp-content\/uploads\/2024\/08\/WhatsApp-Image-2024-08-21-at-12.37.31-1024x682.jpeg 1024w, https:\/\/bretton.com.gt\/wp-content\/uploads\/2024\/08\/WhatsApp-Image-2024-08-21-at-12.37.31-600x400.jpeg 600w, https:\/\/bretton.com.gt\/wp-content\/uploads\/2024\/08\/WhatsApp-Image-2024-08-21-at-12.37.31-300x200.jpeg 300w, https:\/\/bretton.com.gt\/wp-content\/uploads\/2024\/08\/WhatsApp-Image-2024-08-21-at-12.37.31-768x512.jpeg 768w, https:\/\/bretton.com.gt\/wp-content\/uploads\/2024\/08\/WhatsApp-Image-2024-08-21-at-12.37.31-1536x1023.jpeg 1536w, https:\/\/bretton.com.gt\/wp-content\/uploads\/2024\/08\/WhatsApp-Image-2024-08-21-at-12.37.31-930x620.jpeg 930w, https:\/\/bretton.com.gt\/wp-content\/uploads\/2024\/08\/WhatsApp-Image-2024-08-21-at-12.37.31.jpeg 1600w\" sizes=\"(max-width: 1024px) 100vw, 1024px\" \/><\/figure>\n<\/div>\n\n\n\n<div class=\"wp-block-column is-layout-flow wp-block-column-is-layout-flow\" style=\"flex-basis:50%\">\n<p> <\/p>\n\n\n\n<h2 class=\"wp-block-heading\">Agendas<\/h2>\n\n\n\n<p>Nuestras agendas son la herramienta perfecta para mantenerte organizado y al d\u00eda con tus tareas y compromisos. Dise\u00f1adas con estilo y funcionalidad en mente, estas agendas ofrecen p\u00e1ginas de alta calidad para una escritura suave y clara.<\/p>\n\n\n\n<div class=\"wp-block-buttons is-layout-flex wp-block-buttons-is-layout-flex\">\n<div class=\"wp-block-button is-style-secondary\"><a class=\"wp-block-button__link wp-element-button\" href=\"https:\/\/bretton.com.gt\/index.php\/agendas\/\">Ver Productos<\/a><\/div>\n<\/div>\n<\/div>\n<\/div>\n\n\n\n<div class=\"wp-block-columns is-layout-flex wp-container-core-columns-layout-3 wp-block-columns-is-layout-flex\">\n<div class=\"wp-block-column is-layout-flow wp-block-column-is-layout-flow\" style=\"flex-basis:50%\">\n<figure class=\"wp-block-image size-large\"><img loading=\"lazy\" decoding=\"async\" width=\"1024\" height=\"819\" src=\"https:\/\/bretton.com.gt\/wp-content\/uploads\/2024\/08\/colos-1024x819.jpg\" alt=\"\" class=\"wp-image-2702\" style=\"aspect-ratio:4\/3;object-fit:cover\" srcset=\"https:\/\/bretton.com.gt\/wp-content\/uploads\/2024\/08\/colos-1024x819.jpg 1024w, https:\/\/bretton.com.gt\/wp-content\/uploads\/2024\/08\/colos-600x480.jpg 600w, https:\/\/bretton.com.gt\/wp-content\/uploads\/2024\/08\/colos-300x240.jpg 300w, https:\/\/bretton.com.gt\/wp-content\/uploads\/2024\/08\/colos-768x614.jpg 768w, https:\/\/bretton.com.gt\/wp-content\/uploads\/2024\/08\/colos-1536x1229.jpg 1536w, https:\/\/bretton.com.gt\/wp-content\/uploads\/2024\/08\/colos-2048x1638.jpg 2048w\" sizes=\"(max-width: 1024px) 100vw, 1024px\" \/><\/figure>\n<\/div>\n\n\n\n<div class=\"wp-block-column is-vertically-aligned-center is-layout-flow wp-block-column-is-layout-flow\" style=\"flex-basis:50%\">\n<h2 class=\"wp-block-heading\">Archivadores<\/h2>\n\n\n\n<p>Nuestros archivadores son la soluci\u00f3n ideal para mantener tus documentos organizados y f\u00e1cilmente accesibles. Fabricados con materiales duraderos y de alta calidad, estos archivadores ofrecen una estructura robusta que protege tus archivos contra el desgaste y el da\u00f1o. <\/p>\n\n\n\n<div class=\"wp-block-buttons is-layout-flex wp-block-buttons-is-layout-flex\">\n<div class=\"wp-block-button is-style-secondary\"><a class=\"wp-block-button__link wp-element-button\" href=\"https:\/\/bretton.com.gt\/index.php\/archivadores\/\">Ver Productos<\/a><\/div>\n<\/div>\n<\/div>\n<\/div>\n\n\n\n<div class=\"wp-block-columns has-palette-color-6-background-color has-background is-layout-flex wp-container-core-columns-layout-4 wp-block-columns-is-layout-flex\">\n<div class=\"wp-block-column is-vertically-aligned-center is-layout-flow wp-block-column-is-layout-flow\" style=\"flex-basis:50%\">\n<figure class=\"wp-block-image size-large\"><img loading=\"lazy\" decoding=\"async\" width=\"1024\" height=\"819\" src=\"https:\/\/bretton.com.gt\/wp-content\/uploads\/2024\/08\/Folder-Oficio-con-Agarrador-colores-1024x819.jpg\" alt=\"\" class=\"wp-image-3515\" style=\"aspect-ratio:4\/3;object-fit:cover\" srcset=\"https:\/\/bretton.com.gt\/wp-content\/uploads\/2024\/08\/Folder-Oficio-con-Agarrador-colores-1024x819.jpg 1024w, https:\/\/bretton.com.gt\/wp-content\/uploads\/2024\/08\/Folder-Oficio-con-Agarrador-colores-600x480.jpg 600w, https:\/\/bretton.com.gt\/wp-content\/uploads\/2024\/08\/Folder-Oficio-con-Agarrador-colores-300x240.jpg 300w, https:\/\/bretton.com.gt\/wp-content\/uploads\/2024\/08\/Folder-Oficio-con-Agarrador-colores-768x614.jpg 768w, https:\/\/bretton.com.gt\/wp-content\/uploads\/2024\/08\/Folder-Oficio-con-Agarrador-colores-1536x1229.jpg 1536w, https:\/\/bretton.com.gt\/wp-content\/uploads\/2024\/08\/Folder-Oficio-con-Agarrador-colores-2048x1638.jpg 2048w\" sizes=\"(max-width: 1024px) 100vw, 1024px\" \/><\/figure>\n<\/div>\n\n\n\n<div class=\"wp-block-column is-layout-flow wp-block-column-is-layout-flow\" style=\"flex-basis:50%\">\n<p> <\/p>\n\n\n\n<div class=\"wp-block-group is-layout-constrained wp-block-group-is-layout-constrained\">\n<h2 class=\"wp-block-heading\">Folders<\/h2>\n\n\n\n<p>Nuestros folders son esenciales para una organizaci\u00f3n eficiente de tus documentos, proporcionando una soluci\u00f3n pr\u00e1ctica y profesional para el manejo diario de papeles. Fabricados con cartulina resistente y de alta calidad, estos folders ofrecen durabilidad y protecci\u00f3n contra el desgaste. Disponibles en una variedad de colores y estilos, permiten una f\u00e1cil categorizaci\u00f3n y acceso r\u00e1pido a tus archivos.<\/p>\n\n\n\n<div class=\"wp-block-buttons is-layout-flex wp-block-buttons-is-layout-flex\">\n<div class=\"wp-block-button is-style-secondary\"><a class=\"wp-block-button__link wp-element-button\" href=\"https:\/\/bretton.com.gt\/index.php\/folders\/\">Ver Productos<\/a><\/div>\n<\/div>\n<\/div>\n<\/div>\n<\/div>\n\n\n\n<div class=\"wp-block-columns is-layout-flex wp-container-core-columns-layout-5 wp-block-columns-is-layout-flex\">\n<div class=\"wp-block-column is-layout-flow wp-block-column-is-layout-flow\" style=\"flex-basis:50%\">\n<figure class=\"wp-block-image size-large\"><img loading=\"lazy\" decoding=\"async\" width=\"1024\" height=\"819\" src=\"https:\/\/bretton.com.gt\/wp-content\/uploads\/2024\/08\/Sobres-plasticos-carta-colores.1-1024x819.jpg\" alt=\"\" class=\"wp-image-5730\" style=\"aspect-ratio:4\/3;object-fit:cover\" srcset=\"https:\/\/bretton.com.gt\/wp-content\/uploads\/2024\/08\/Sobres-plasticos-carta-colores.1-1024x819.jpg 1024w, https:\/\/bretton.com.gt\/wp-content\/uploads\/2024\/08\/Sobres-plasticos-carta-colores.1-300x240.jpg 300w, https:\/\/bretton.com.gt\/wp-content\/uploads\/2024\/08\/Sobres-plasticos-carta-colores.1-768x614.jpg 768w, https:\/\/bretton.com.gt\/wp-content\/uploads\/2024\/08\/Sobres-plasticos-carta-colores.1-1536x1229.jpg 1536w, https:\/\/bretton.com.gt\/wp-content\/uploads\/2024\/08\/Sobres-plasticos-carta-colores.1-2048x1638.jpg 2048w, https:\/\/bretton.com.gt\/wp-content\/uploads\/2024\/08\/Sobres-plasticos-carta-colores.1-600x480.jpg 600w\" sizes=\"(max-width: 1024px) 100vw, 1024px\" \/><\/figure>\n<\/div>\n\n\n\n<div class=\"wp-block-column is-vertically-aligned-center is-layout-flow wp-block-column-is-layout-flow\" style=\"flex-basis:50%\">\n<h2 class=\"wp-block-heading\">Sobres<\/h2>\n\n\n\n<p>Nuestros sobres de alta calidad son perfectos para todas tus necesidades de correspondencia y almacenamiento de documentos. Fabricados con pl\u00e1stico y disponibles en varios tama\u00f1os, estos sobres aseguran la protecci\u00f3n y confidencialidad de su contenido. <\/p>\n\n\n\n<div class=\"wp-block-buttons is-layout-flex wp-block-buttons-is-layout-flex\">\n<div class=\"wp-block-button is-style-secondary\"><a class=\"wp-block-button__link wp-element-button\" href=\"https:\/\/bretton.com.gt\/index.php\/product\/sobres-plasticos\/\">Ver Productos<\/a><\/div>\n<\/div>\n<\/div>\n<\/div>\n\n\n\n<div class=\"wp-block-columns has-palette-color-6-background-color has-background is-layout-flex wp-container-core-columns-layout-6 wp-block-columns-is-layout-flex\">\n<div class=\"wp-block-column is-vertically-aligned-center is-layout-flow wp-block-column-is-layout-flow\" style=\"flex-basis:50%\">\n<figure class=\"wp-block-image size-large\"><img loading=\"lazy\" decoding=\"async\" width=\"1024\" height=\"683\" src=\"https:\/\/bretton.com.gt\/wp-content\/uploads\/2024\/09\/separadores-1024x683.png\" alt=\"\" class=\"wp-image-4797\" style=\"aspect-ratio:4\/3;object-fit:cover\" srcset=\"https:\/\/bretton.com.gt\/wp-content\/uploads\/2024\/09\/separadores-1024x683.png 1024w, https:\/\/bretton.com.gt\/wp-content\/uploads\/2024\/09\/separadores-600x400.png 600w, https:\/\/bretton.com.gt\/wp-content\/uploads\/2024\/09\/separadores-300x200.png 300w, https:\/\/bretton.com.gt\/wp-content\/uploads\/2024\/09\/separadores-768x512.png 768w, https:\/\/bretton.com.gt\/wp-content\/uploads\/2024\/09\/separadores-1536x1024.png 1536w, https:\/\/bretton.com.gt\/wp-content\/uploads\/2024\/09\/separadores-2048x1365.png 2048w, https:\/\/bretton.com.gt\/wp-content\/uploads\/2024\/09\/separadores-930x620.png 930w\" sizes=\"(max-width: 1024px) 100vw, 1024px\" \/><\/figure>\n<\/div>\n\n\n\n<div class=\"wp-block-column is-layout-flow wp-block-column-is-layout-flow\" style=\"flex-basis:50%\">\n<p> <\/p>\n\n\n\n<h2 class=\"wp-block-heading\">Separadores<\/h2>\n\n\n\n<p>Nuestros separadores son la herramienta perfecta para organizar y categorizar tus documentos en carpetas y archivadores. Fabricados con materiales duraderos y de alta calidad, estos separadores cuentan con pesta\u00f1as etiquetables que facilitan la identificaci\u00f3n r\u00e1pida y eficiente de secciones.<\/p>\n\n\n\n<div class=\"wp-block-buttons is-layout-flex wp-block-buttons-is-layout-flex\">\n<div class=\"wp-block-button is-style-secondary\"><a class=\"wp-block-button__link wp-element-button\" href=\"https:\/\/bretton.com.gt\/index.php\/product\/separador\/\">Ver Productos<\/a><\/div>\n<\/div>\n<\/div>\n<\/div>\n\n\n\n<div class=\"wp-block-columns is-layout-flex wp-container-core-columns-layout-7 wp-block-columns-is-layout-flex\">\n<div class=\"wp-block-column is-layout-flow wp-block-column-is-layout-flow\" style=\"flex-basis:50%\">\n<figure class=\"wp-block-image size-full\"><img loading=\"lazy\" decoding=\"async\" width=\"2560\" height=\"1707\" src=\"https:\/\/bretton.com.gt\/wp-content\/uploads\/2024\/08\/DSC_0082-scaled.jpg\" alt=\"\" class=\"wp-image-4357\" style=\"aspect-ratio:4\/3;object-fit:cover\" srcset=\"https:\/\/bretton.com.gt\/wp-content\/uploads\/2024\/08\/DSC_0082-scaled.jpg 2560w, https:\/\/bretton.com.gt\/wp-content\/uploads\/2024\/08\/DSC_0082-scaled-600x400.jpg 600w, https:\/\/bretton.com.gt\/wp-content\/uploads\/2024\/08\/DSC_0082-300x200.jpg 300w, https:\/\/bretton.com.gt\/wp-content\/uploads\/2024\/08\/DSC_0082-1024x683.jpg 1024w, https:\/\/bretton.com.gt\/wp-content\/uploads\/2024\/08\/DSC_0082-768x512.jpg 768w, https:\/\/bretton.com.gt\/wp-content\/uploads\/2024\/08\/DSC_0082-1536x1024.jpg 1536w, https:\/\/bretton.com.gt\/wp-content\/uploads\/2024\/08\/DSC_0082-2048x1365.jpg 2048w, https:\/\/bretton.com.gt\/wp-content\/uploads\/2024\/08\/DSC_0082-930x620.jpg 930w\" sizes=\"(max-width: 2560px) 100vw, 2560px\" \/><\/figure>\n<\/div>\n\n\n\n<div class=\"wp-block-column is-vertically-aligned-center is-layout-flow wp-block-column-is-layout-flow\" style=\"flex-basis:50%\">\n<h2 class=\"wp-block-heading\">Base Tape<\/h2>\n\n\n\n<p>Es un accesorio de oficina dise\u00f1ado para sostener y facilitar el uso de cinta adhesiva. Este producto es fundamental para mantener la cinta en su lugar, evitar desorden y asegurar un f\u00e1cil acceso al material adhesivo.<\/p>\n\n\n\n<div class=\"wp-block-buttons is-layout-flex wp-block-buttons-is-layout-flex\">\n<div class=\"wp-block-button is-style-secondary\"><a class=\"wp-block-button__link wp-element-button\" href=\"https:\/\/bretton.com.gt\/index.php\/product\/base-tape\/\">Ver Productos<\/a><\/div>\n<\/div>\n<\/div>\n<\/div>\n\n\n\n<div class=\"wp-block-columns has-palette-color-6-background-color has-background is-layout-flex wp-container-core-columns-layout-8 wp-block-columns-is-layout-flex\">\n<div class=\"wp-block-column is-vertically-aligned-center is-layout-flow wp-block-column-is-layout-flow\" style=\"flex-basis:50%\">\n<figure class=\"wp-block-image size-large\"><img loading=\"lazy\" decoding=\"async\" width=\"1024\" height=\"583\" src=\"https:\/\/bretton.com.gt\/wp-content\/uploads\/2024\/09\/funda_01-1024x583.png\" alt=\"\" class=\"wp-image-4798\" style=\"aspect-ratio:4\/3;object-fit:cover\" srcset=\"https:\/\/bretton.com.gt\/wp-content\/uploads\/2024\/09\/funda_01-1024x583.png 1024w, https:\/\/bretton.com.gt\/wp-content\/uploads\/2024\/09\/funda_01-600x342.png 600w, https:\/\/bretton.com.gt\/wp-content\/uploads\/2024\/09\/funda_01-300x171.png 300w, https:\/\/bretton.com.gt\/wp-content\/uploads\/2024\/09\/funda_01-768x437.png 768w, https:\/\/bretton.com.gt\/wp-content\/uploads\/2024\/09\/funda_01-1536x875.png 1536w, https:\/\/bretton.com.gt\/wp-content\/uploads\/2024\/09\/funda_01-2048x1166.png 2048w\" sizes=\"(max-width: 1024px) 100vw, 1024px\" \/><\/figure>\n<\/div>\n\n\n\n<div class=\"wp-block-column is-layout-flow wp-block-column-is-layout-flow\" style=\"flex-basis:50%\">\n<p> <\/p>\n\n\n\n<h2 class=\"wp-block-heading\">Fundas<\/h2>\n\n\n\n<p>Nuestros separadores son la herramienta perfecta para organizar y categorizar tus documentos en carpetas y archivadores. Fabricados con materiales duraderos y de alta calidad, estos separadores cuentan con pesta\u00f1as etiquetables que facilitan la identificaci\u00f3n r\u00e1pida y eficiente de secciones.<\/p>\n\n\n\n<div class=\"wp-block-buttons is-layout-flex wp-block-buttons-is-layout-flex\">\n<div class=\"wp-block-button is-style-secondary\"><a class=\"wp-block-button__link wp-element-button\" href=\"https:\/\/bretton.com.gt\/index.php\/product\/fundas\/\">Ver Productos<\/a><\/div>\n<\/div>\n<\/div>\n<\/div>\n\n\n\n<div class=\"wp-block-columns is-layout-flex wp-container-core-columns-layout-9 wp-block-columns-is-layout-flex\">\n<div class=\"wp-block-column is-layout-flow wp-block-column-is-layout-flow\" style=\"flex-basis:50%\">\n<figure class=\"wp-block-image size-full\"><img loading=\"lazy\" decoding=\"async\" width=\"2160\" height=\"1728\" src=\"https:\/\/bretton.com.gt\/wp-content\/uploads\/2025\/02\/1.jpg\" alt=\"\" class=\"wp-image-6516\" style=\"aspect-ratio:4\/3;object-fit:cover\" srcset=\"https:\/\/bretton.com.gt\/wp-content\/uploads\/2025\/02\/1.jpg 2160w, https:\/\/bretton.com.gt\/wp-content\/uploads\/2025\/02\/1-300x240.jpg 300w, https:\/\/bretton.com.gt\/wp-content\/uploads\/2025\/02\/1-1024x819.jpg 1024w, https:\/\/bretton.com.gt\/wp-content\/uploads\/2025\/02\/1-768x614.jpg 768w, https:\/\/bretton.com.gt\/wp-content\/uploads\/2025\/02\/1-1536x1229.jpg 1536w, https:\/\/bretton.com.gt\/wp-content\/uploads\/2025\/02\/1-2048x1638.jpg 2048w, https:\/\/bretton.com.gt\/wp-content\/uploads\/2025\/02\/1-600x480.jpg 600w\" sizes=\"(max-width: 2160px) 100vw, 2160px\" \/><\/figure>\n<\/div>\n\n\n\n<div class=\"wp-block-column is-vertically-aligned-center is-layout-flow wp-block-column-is-layout-flow\" style=\"flex-basis:50%\">\n<h2 class=\"wp-block-heading\">Cuadernos<\/h2>\n\n\n\n<p>Cuadernos espiral con forro imitaci\u00f3n cuero, elegantes y duraderos. Perfectos para notas, bocetos y organizaci\u00f3n diaria.<\/p>\n\n\n\n<div class=\"wp-block-buttons is-layout-flex wp-block-buttons-is-layout-flex\">\n<div class=\"wp-block-button is-style-secondary\"><a class=\"wp-block-button__link wp-element-button\" href=\"https:\/\/bretton.com.gt\/index.php\/product\/cuaderno-con-forro\/\">Ver Productos<\/a><\/div>\n<\/div>\n<\/div>\n<\/div>\n\n\n\n<div style=\"height:80px\" aria-hidden=\"true\" class=\"wp-block-spacer\"><\/div>\n","protected":false},"excerpt":{"rendered":"<p>Caja de Seguridad Nuestra caja de seguridad es la soluci\u00f3n ideal para proteger tus objetos de valor con m\u00e1xima seguridad y tranquilidad. Con opciones de anclaje para una instalaci\u00f3n segura en tu hogar u oficina, nuestra caja de seguridad combina funcionalidad, durabilidad y un dise\u00f1o discreto para brindar la m\u00e1xima protecci\u00f3n a tus pertenencias m\u00e1s [&hellip;]<\/p>\n","protected":false},"author":1,"featured_media":0,"parent":0,"menu_order":0,"comment_status":"closed","ping_status":"closed","template":"","meta":{"_themeisle_gutenberg_block_has_review":false,"_ti_tpc_template_sync":false,"_ti_tpc_template_id":"","footnotes":""},"blocksy_meta":[],"jetpack_sharing_enabled":true,"_links":{"self":[{"href":"https:\/\/bretton.com.gt\/index.php\/wp-json\/wp\/v2\/pages\/2684"}],"collection":[{"href":"https:\/\/bretton.com.gt\/index.php\/wp-json\/wp\/v2\/pages"}],"about":[{"href":"https:\/\/bretton.com.gt\/index.php\/wp-json\/wp\/v2\/types\/page"}],"author":[{"embeddable":true,"href":"https:\/\/bretton.com.gt\/index.php\/wp-json\/wp\/v2\/users\/1"}],"replies":[{"embeddable":true,"href":"https:\/\/bretton.com.gt\/index.php\/wp-json\/wp\/v2\/comments?post=2684"}],"version-history":[{"count":19,"href":"https:\/\/bretton.com.gt\/index.php\/wp-json\/wp\/v2\/pages\/2684\/revisions"}],"predecessor-version":[{"id":7979,"href":"https:\/\/bretton.com.gt\/index.php\/wp-json\/wp\/v2\/pages\/2684\/revisions\/7979"}],"wp:attachment":[{"href":"https:\/\/bretton.com.gt\/index.php\/wp-json\/wp\/v2\/media?parent=2684"}],"curies":[{"name":"wp","href":"https:\/\/api.w.org\/{rel}","templated":true}]}}