{"id":2661,"date":"2024-08-06T14:29:36","date_gmt":"2024-08-06T14:29:36","guid":{"rendered":"https:\/\/bretton.com.gt\/?page_id=2661"},"modified":"2025-08-27T17:49:00","modified_gmt":"2025-08-27T17:49:00","slug":"conffeti","status":"publish","type":"page","link":"https:\/\/bretton.com.gt\/index.php\/conffeti\/","title":{"rendered":""},"content":{"rendered":"\n<div class=\"wp-block-columns is-layout-flex wp-container-core-columns-layout-1 wp-block-columns-is-layout-flex\">\n<div class=\"wp-block-column is-layout-flow wp-block-column-is-layout-flow\">\n<figure class=\"wp-block-image size-large\"><img loading=\"lazy\" decoding=\"async\" width=\"1024\" height=\"683\" src=\"https:\/\/bretton.com.gt\/wp-content\/uploads\/2024\/08\/shutterstock_1277864377-1024x683.jpg\" alt=\"\" class=\"wp-image-2662\" style=\"aspect-ratio:4\/3;object-fit:cover\" srcset=\"https:\/\/bretton.com.gt\/wp-content\/uploads\/2024\/08\/shutterstock_1277864377-1024x683.jpg 1024w, https:\/\/bretton.com.gt\/wp-content\/uploads\/2024\/08\/shutterstock_1277864377-scaled-600x400.jpg 600w, https:\/\/bretton.com.gt\/wp-content\/uploads\/2024\/08\/shutterstock_1277864377-300x200.jpg 300w, https:\/\/bretton.com.gt\/wp-content\/uploads\/2024\/08\/shutterstock_1277864377-768x512.jpg 768w, https:\/\/bretton.com.gt\/wp-content\/uploads\/2024\/08\/shutterstock_1277864377-1536x1024.jpg 1536w, https:\/\/bretton.com.gt\/wp-content\/uploads\/2024\/08\/shutterstock_1277864377-2048x1365.jpg 2048w, https:\/\/bretton.com.gt\/wp-content\/uploads\/2024\/08\/shutterstock_1277864377-930x620.jpg 930w\" sizes=\"(max-width: 1024px) 100vw, 1024px\" \/><\/figure>\n\n\n\n<h3 class=\"wp-block-heading has-neve-text-color-color has-text-color\">Rafia<\/h3>\n\n\n\n<p class=\"has-neve-text-color-color has-text-color\">Ideal para decoraciones y rellenos, este confeti de papel ofrece un acabado chic y sofisticado, perfecto para cualquier evento especial. <\/p>\n\n\n\n<div id=\"wp-block-themeisle-blocks-button-group-e43534e0\" class=\"wp-block-themeisle-blocks-button-group wp-block-buttons\">\n<div id=\"wp-block-themeisle-blocks-button-2bd3f8c4\" class=\"wp-block-themeisle-blocks-button wp-block-button\"><a href=\"https:\/\/bretton.com.gt\/index.php\/product\/confetti-triturado-rafia\/\" target=\"_self\" rel=\"noopener noreferrer\" class=\"wp-block-button__link\"><span>Mostrar Producto<\/span><\/a><\/div>\n<\/div>\n<\/div>\n\n\n\n<div class=\"wp-block-column is-layout-flow wp-block-column-is-layout-flow\">\n<figure class=\"wp-block-image size-large\"><img loading=\"lazy\" decoding=\"async\" width=\"1024\" height=\"819\" src=\"https:\/\/bretton.com.gt\/wp-content\/uploads\/2025\/07\/20234117.4-1024x819.jpg\" alt=\"\" class=\"wp-image-7660\" style=\"aspect-ratio:4\/3;object-fit:cover\" srcset=\"https:\/\/bretton.com.gt\/wp-content\/uploads\/2025\/07\/20234117.4-1024x819.jpg 1024w, https:\/\/bretton.com.gt\/wp-content\/uploads\/2025\/07\/20234117.4-300x240.jpg 300w, https:\/\/bretton.com.gt\/wp-content\/uploads\/2025\/07\/20234117.4-768x614.jpg 768w, https:\/\/bretton.com.gt\/wp-content\/uploads\/2025\/07\/20234117.4-1536x1229.jpg 1536w, https:\/\/bretton.com.gt\/wp-content\/uploads\/2025\/07\/20234117.4-2048x1638.jpg 2048w, https:\/\/bretton.com.gt\/wp-content\/uploads\/2025\/07\/20234117.4-600x480.jpg 600w\" sizes=\"(max-width: 1024px) 100vw, 1024px\" \/><\/figure>\n\n\n\n<h3 class=\"wp-block-heading has-neve-text-color-color has-text-color\">Confetti En Bolsa<\/h3>\n\n\n\n<p class=\"has-neve-text-color-color has-text-color\">Decora tus eventos con facilidad usando nuestro confetti en bolsa. Listo para usar, este confetti vibrante y vers\u00e1til a\u00f1ade un toque festivo a cualquier ocasi\u00f3n.<\/p>\n\n\n\n<div id=\"wp-block-themeisle-blocks-button-group-c09f2f31\" class=\"wp-block-themeisle-blocks-button-group wp-block-buttons\">\n<div id=\"wp-block-themeisle-blocks-button-ecc021da\" class=\"wp-block-themeisle-blocks-button wp-block-button\"><a href=\"https:\/\/bretton.com.gt\/index.php\/product\/confetti-triturado\/\" target=\"_self\" rel=\"noopener noreferrer\" class=\"wp-block-button__link\"><span>Mostrar Producto<\/span><\/a><\/div>\n<\/div>\n<\/div>\n<\/div>\n\n\n\n<div class=\"wp-block-columns is-layout-flex wp-container-core-columns-layout-2 wp-block-columns-is-layout-flex\">\n<div class=\"wp-block-column is-layout-flow wp-block-column-is-layout-flow\">\n<figure class=\"wp-block-image size-full\"><img loading=\"lazy\" decoding=\"async\" width=\"2160\" height=\"1728\" src=\"https:\/\/bretton.com.gt\/wp-content\/uploads\/2025\/07\/22301012.2.jpg\" alt=\"\" class=\"wp-image-7656\" style=\"aspect-ratio:4\/3;object-fit:cover\" srcset=\"https:\/\/bretton.com.gt\/wp-content\/uploads\/2025\/07\/22301012.2.jpg 2160w, https:\/\/bretton.com.gt\/wp-content\/uploads\/2025\/07\/22301012.2-300x240.jpg 300w, https:\/\/bretton.com.gt\/wp-content\/uploads\/2025\/07\/22301012.2-1024x819.jpg 1024w, https:\/\/bretton.com.gt\/wp-content\/uploads\/2025\/07\/22301012.2-768x614.jpg 768w, https:\/\/bretton.com.gt\/wp-content\/uploads\/2025\/07\/22301012.2-1536x1229.jpg 1536w, https:\/\/bretton.com.gt\/wp-content\/uploads\/2025\/07\/22301012.2-2048x1638.jpg 2048w, https:\/\/bretton.com.gt\/wp-content\/uploads\/2025\/07\/22301012.2-600x480.jpg 600w\" sizes=\"(max-width: 2160px) 100vw, 2160px\" \/><\/figure>\n\n\n\n<h3 class=\"wp-block-heading has-neve-text-color-color has-text-color\">Pistola De Conffeti<\/h3>\n\n\n\n<p class=\"has-neve-text-color-color has-text-color\">Este innovador accesorio dispara confetti de manera emocionante y divertida, transformando cualquier evento en una fiesta inolvidable.<\/p>\n\n\n\n<div id=\"wp-block-themeisle-blocks-button-group-62b63bca\" class=\"wp-block-themeisle-blocks-button-group wp-block-buttons\">\n<div id=\"wp-block-themeisle-blocks-button-f52125b3\" class=\"wp-block-themeisle-blocks-button wp-block-button\"><a href=\"https:\/\/bretton.com.gt\/index.php\/product\/dispensador-inflable-en-pistola\/\" target=\"_self\" rel=\"noopener noreferrer\" class=\"wp-block-button__link\"><span>Mostrar Producto<\/span><\/a><\/div>\n<\/div>\n<\/div>\n\n\n\n<div class=\"wp-block-column is-layout-flow wp-block-column-is-layout-flow\">\n<figure class=\"wp-block-image size-large\"><img loading=\"lazy\" decoding=\"async\" width=\"1024\" height=\"819\" src=\"https:\/\/bretton.com.gt\/wp-content\/uploads\/2025\/08\/Canon-Confeti-x12.2-1024x819.jpg\" alt=\"\" class=\"wp-image-8010\" style=\"aspect-ratio:4\/3;object-fit:cover\" srcset=\"https:\/\/bretton.com.gt\/wp-content\/uploads\/2025\/08\/Canon-Confeti-x12.2-1024x819.jpg 1024w, https:\/\/bretton.com.gt\/wp-content\/uploads\/2025\/08\/Canon-Confeti-x12.2-300x240.jpg 300w, https:\/\/bretton.com.gt\/wp-content\/uploads\/2025\/08\/Canon-Confeti-x12.2-768x614.jpg 768w, https:\/\/bretton.com.gt\/wp-content\/uploads\/2025\/08\/Canon-Confeti-x12.2-1536x1229.jpg 1536w, https:\/\/bretton.com.gt\/wp-content\/uploads\/2025\/08\/Canon-Confeti-x12.2-2048x1638.jpg 2048w, https:\/\/bretton.com.gt\/wp-content\/uploads\/2025\/08\/Canon-Confeti-x12.2-600x480.jpg 600w\" sizes=\"(max-width: 1024px) 100vw, 1024px\" \/><\/figure>\n\n\n\n<h3 class=\"wp-block-heading has-neve-text-color-color has-text-color\">Party Popper<\/h3>\n\n\n\n<p class=\"has-neve-text-color-color has-text-color\">Este tubo de confetti ofrece una explosi\u00f3n festiva al abrirlo, llenando el aire con coloridos trozos de confetti creando un momento emocionante.<\/p>\n\n\n\n<div id=\"wp-block-themeisle-blocks-button-group-5d1103d2\" class=\"wp-block-themeisle-blocks-button-group wp-block-buttons\">\n<div id=\"wp-block-themeisle-blocks-button-323f421e\" class=\"wp-block-themeisle-blocks-button wp-block-button\"><a href=\"https:\/\/bretton.com.gt\/index.php\/product\/confetti-en-tubo-party-popper\/\" target=\"_self\" rel=\"noopener noreferrer\" class=\"wp-block-button__link\"><span>Mostrar Producto<\/span><\/a><\/div>\n<\/div>\n<\/div>\n<\/div>\n\n\n\n<div class=\"wp-block-columns is-layout-flex wp-container-core-columns-layout-3 wp-block-columns-is-layout-flex\">\n<div class=\"wp-block-column is-layout-flow wp-block-column-is-layout-flow\">\n<figure class=\"wp-block-image size-full\"><img loading=\"lazy\" decoding=\"async\" width=\"3072\" height=\"4096\" src=\"https:\/\/bretton.com.gt\/wp-content\/uploads\/2024\/08\/IMG_20230825_095100.png\" alt=\"\" class=\"wp-image-2743\" style=\"aspect-ratio:4\/3;object-fit:cover\" srcset=\"https:\/\/bretton.com.gt\/wp-content\/uploads\/2024\/08\/IMG_20230825_095100.png 3072w, https:\/\/bretton.com.gt\/wp-content\/uploads\/2024\/08\/IMG_20230825_095100-600x800.png 600w, https:\/\/bretton.com.gt\/wp-content\/uploads\/2024\/08\/IMG_20230825_095100-300x400.png 300w, https:\/\/bretton.com.gt\/wp-content\/uploads\/2024\/08\/IMG_20230825_095100-225x300.png 225w, https:\/\/bretton.com.gt\/wp-content\/uploads\/2024\/08\/IMG_20230825_095100-768x1024.png 768w, https:\/\/bretton.com.gt\/wp-content\/uploads\/2024\/08\/IMG_20230825_095100-1152x1536.png 1152w, https:\/\/bretton.com.gt\/wp-content\/uploads\/2024\/08\/IMG_20230825_095100-1536x2048.png 1536w\" sizes=\"(max-width: 3072px) 100vw, 3072px\" \/><\/figure>\n\n\n\n<h3 class=\"wp-block-heading has-neve-text-color-color has-text-color\">Bolas De Duroport<\/h3>\n\n\n\n<p class=\"has-neve-text-color-color has-text-color\">A\u00f1ade un toque de color y estilo a tus decoraciones y empaques con nuestras pelotas peque\u00f1as de duroport.<\/p>\n\n\n\n<div id=\"wp-block-themeisle-blocks-button-group-96a03ee3\" class=\"wp-block-themeisle-blocks-button-group wp-block-buttons\">\n<div id=\"wp-block-themeisle-blocks-button-afd35cee\" class=\"wp-block-themeisle-blocks-button wp-block-button\"><a href=\"https:\/\/bretton.com.gt\/index.php\/product\/pelotas-de-duroport\/\" target=\"_self\" rel=\"noopener noreferrer\" class=\"wp-block-button__link\"><span>Mostrar Producto<\/span><\/a><\/div>\n<\/div>\n<\/div>\n\n\n\n<div class=\"wp-block-column is-layout-flow wp-block-column-is-layout-flow\">\n<h3 class=\"wp-block-heading has-neve-text-color-color has-text-color\"><\/h3>\n\n\n\n<p class=\"has-neve-text-color-color has-text-color\"><\/p>\n<\/div>\n<\/div>\n\n\n\n<div style=\"height:50px\" aria-hidden=\"true\" class=\"wp-block-spacer\"><\/div>\n","protected":false},"excerpt":{"rendered":"<p>Rafia Ideal para decoraciones y rellenos, este confeti de papel ofrece un acabado chic y sofisticado, perfecto para cualquier evento especial. Confetti En Bolsa Decora tus eventos con facilidad usando nuestro confetti en bolsa. Listo para usar, este confetti vibrante y vers\u00e1til a\u00f1ade un toque festivo a cualquier ocasi\u00f3n. Pistola De Conffeti Este innovador accesorio [&hellip;]<\/p>\n","protected":false},"author":2,"featured_media":0,"parent":0,"menu_order":0,"comment_status":"closed","ping_status":"closed","template":"","meta":{"_themeisle_gutenberg_block_has_review":false,"_ti_tpc_template_sync":false,"_ti_tpc_template_id":"","footnotes":""},"blocksy_meta":[],"jetpack_sharing_enabled":true,"_links":{"self":[{"href":"https:\/\/bretton.com.gt\/index.php\/wp-json\/wp\/v2\/pages\/2661"}],"collection":[{"href":"https:\/\/bretton.com.gt\/index.php\/wp-json\/wp\/v2\/pages"}],"about":[{"href":"https:\/\/bretton.com.gt\/index.php\/wp-json\/wp\/v2\/types\/page"}],"author":[{"embeddable":true,"href":"https:\/\/bretton.com.gt\/index.php\/wp-json\/wp\/v2\/users\/2"}],"replies":[{"embeddable":true,"href":"https:\/\/bretton.com.gt\/index.php\/wp-json\/wp\/v2\/comments?post=2661"}],"version-history":[{"count":15,"href":"https:\/\/bretton.com.gt\/index.php\/wp-json\/wp\/v2\/pages\/2661\/revisions"}],"predecessor-version":[{"id":8016,"href":"https:\/\/bretton.com.gt\/index.php\/wp-json\/wp\/v2\/pages\/2661\/revisions\/8016"}],"wp:attachment":[{"href":"https:\/\/bretton.com.gt\/index.php\/wp-json\/wp\/v2\/media?parent=2661"}],"curies":[{"name":"wp","href":"https:\/\/api.w.org\/{rel}","templated":true}]}}