{"id":1848,"date":"2024-07-16T21:29:14","date_gmt":"2024-07-16T21:29:14","guid":{"rendered":"https:\/\/bretton.com.gt\/?page_id=1848"},"modified":"2025-07-25T20:23:24","modified_gmt":"2025-07-25T20:23:24","slug":"cartulina","status":"publish","type":"page","link":"https:\/\/bretton.com.gt\/index.php\/cartulina\/","title":{"rendered":"CARTULINA"},"content":{"rendered":"\n<div class=\"wp-block-columns is-layout-flex wp-container-core-columns-layout-1 wp-block-columns-is-layout-flex\">\n<div class=\"wp-block-column is-layout-flow wp-block-column-is-layout-flow\">\n<figure class=\"wp-block-image size-large\"><img loading=\"lazy\" decoding=\"async\" width=\"1024\" height=\"1024\" src=\"https:\/\/bretton.com.gt\/wp-content\/uploads\/2024\/07\/Block-Cascara-de-Huevo-9-1024x1024.jpg\" alt=\"\" class=\"wp-image-1026\" style=\"aspect-ratio:4\/3;object-fit:cover\" srcset=\"https:\/\/bretton.com.gt\/wp-content\/uploads\/2024\/07\/Block-Cascara-de-Huevo-9-1024x1024.jpg 1024w, https:\/\/bretton.com.gt\/wp-content\/uploads\/2024\/07\/Block-Cascara-de-Huevo-9-300x300.jpg 300w, https:\/\/bretton.com.gt\/wp-content\/uploads\/2024\/07\/Block-Cascara-de-Huevo-9-100x100.jpg 100w, https:\/\/bretton.com.gt\/wp-content\/uploads\/2024\/07\/Block-Cascara-de-Huevo-9-600x600.jpg 600w, https:\/\/bretton.com.gt\/wp-content\/uploads\/2024\/07\/Block-Cascara-de-Huevo-9-150x150.jpg 150w, https:\/\/bretton.com.gt\/wp-content\/uploads\/2024\/07\/Block-Cascara-de-Huevo-9-768x768.jpg 768w, https:\/\/bretton.com.gt\/wp-content\/uploads\/2024\/07\/Block-Cascara-de-Huevo-9-50x50.jpg 50w, https:\/\/bretton.com.gt\/wp-content\/uploads\/2024\/07\/Block-Cascara-de-Huevo-9.jpg 1200w\" sizes=\"(max-width: 1024px) 100vw, 1024px\" \/><\/figure>\n\n\n\n<h3 class=\"wp-block-heading has-neve-text-color-color has-text-color\">Cartulina Cascara De Huevo<\/h3>\n\n\n\n<p class=\"has-neve-text-color-color has-text-color\">Superficie texturizada, ideal para proyectos art\u00edsticos y manualidades. Disponible en tonos sutiles que complementan cualquier dise\u00f1o creativo. <\/p>\n\n\n\n<div id=\"wp-block-themeisle-blocks-button-group-45376d75\" class=\"wp-block-themeisle-blocks-button-group wp-block-buttons\">\n<div id=\"wp-block-themeisle-blocks-button-655548fc\" class=\"wp-block-themeisle-blocks-button wp-block-button\"><a href=\"https:\/\/bretton.com.gt\/index.php\/product\/cartulina-cascara-de-huevo\/\" target=\"_self\" rel=\"noopener noreferrer\" class=\"wp-block-button__link\"><span>Mostrar Producto<\/span><\/a><\/div>\n<\/div>\n<\/div>\n\n\n\n<div class=\"wp-block-column is-layout-flow wp-block-column-is-layout-flow\">\n<figure class=\"wp-block-image size-large\"><img loading=\"lazy\" decoding=\"async\" width=\"1024\" height=\"819\" src=\"https:\/\/bretton.com.gt\/wp-content\/uploads\/2024\/07\/Ariel-Cover-8.5-x-11-Bretton-3-1024x819.jpg\" alt=\"\" class=\"wp-image-1012\" style=\"aspect-ratio:4\/3;object-fit:cover\" srcset=\"https:\/\/bretton.com.gt\/wp-content\/uploads\/2024\/07\/Ariel-Cover-8.5-x-11-Bretton-3-1024x819.jpg 1024w, https:\/\/bretton.com.gt\/wp-content\/uploads\/2024\/07\/Ariel-Cover-8.5-x-11-Bretton-3-600x480.jpg 600w, https:\/\/bretton.com.gt\/wp-content\/uploads\/2024\/07\/Ariel-Cover-8.5-x-11-Bretton-3-300x240.jpg 300w, https:\/\/bretton.com.gt\/wp-content\/uploads\/2024\/07\/Ariel-Cover-8.5-x-11-Bretton-3-768x614.jpg 768w, https:\/\/bretton.com.gt\/wp-content\/uploads\/2024\/07\/Ariel-Cover-8.5-x-11-Bretton-3-1536x1229.jpg 1536w, https:\/\/bretton.com.gt\/wp-content\/uploads\/2024\/07\/Ariel-Cover-8.5-x-11-Bretton-3-2048x1638.jpg 2048w\" sizes=\"(max-width: 1024px) 100vw, 1024px\" \/><\/figure>\n\n\n\n<h3 class=\"wp-block-heading has-neve-text-color-color has-text-color\">Cartulina Arco Iris<\/h3>\n\n\n\n<p class=\"has-neve-text-color-color has-text-color\">Vibrante y colorida, perfecta para proyectos art\u00edsticos y manualidades que requieren un toque de alegr\u00eda y creatividad.<\/p>\n\n\n\n<div id=\"wp-block-themeisle-blocks-button-group-f0f9172d\" class=\"wp-block-themeisle-blocks-button-group wp-block-buttons\">\n<div id=\"wp-block-themeisle-blocks-button-c7e8edfd\" class=\"wp-block-themeisle-blocks-button wp-block-button\"><a href=\"https:\/\/bretton.com.gt\/index.php\/product\/cartulina-arco-iris\/\" target=\"_self\" rel=\"noopener noreferrer\" class=\"wp-block-button__link\"><span>Mostrar Producto<\/span><\/a><\/div>\n<\/div>\n<\/div>\n<\/div>\n\n\n\n<div class=\"wp-block-columns is-layout-flex wp-container-core-columns-layout-2 wp-block-columns-is-layout-flex\">\n<div class=\"wp-block-column is-layout-flow wp-block-column-is-layout-flow\">\n<figure class=\"wp-block-image size-large\"><img loading=\"lazy\" decoding=\"async\" width=\"1024\" height=\"1024\" src=\"https:\/\/bretton.com.gt\/wp-content\/uploads\/2024\/07\/Block-Construccion-Bretton-10-1024x1024.jpg\" alt=\"\" class=\"wp-image-1022\" style=\"aspect-ratio:4\/3;object-fit:cover\" srcset=\"https:\/\/bretton.com.gt\/wp-content\/uploads\/2024\/07\/Block-Construccion-Bretton-10-1024x1024.jpg 1024w, https:\/\/bretton.com.gt\/wp-content\/uploads\/2024\/07\/Block-Construccion-Bretton-10-300x300.jpg 300w, https:\/\/bretton.com.gt\/wp-content\/uploads\/2024\/07\/Block-Construccion-Bretton-10-100x100.jpg 100w, https:\/\/bretton.com.gt\/wp-content\/uploads\/2024\/07\/Block-Construccion-Bretton-10-600x600.jpg 600w, https:\/\/bretton.com.gt\/wp-content\/uploads\/2024\/07\/Block-Construccion-Bretton-10-150x150.jpg 150w, https:\/\/bretton.com.gt\/wp-content\/uploads\/2024\/07\/Block-Construccion-Bretton-10-768x768.jpg 768w, https:\/\/bretton.com.gt\/wp-content\/uploads\/2024\/07\/Block-Construccion-Bretton-10-50x50.jpg 50w, https:\/\/bretton.com.gt\/wp-content\/uploads\/2024\/07\/Block-Construccion-Bretton-10.jpg 1200w\" sizes=\"(max-width: 1024px) 100vw, 1024px\" \/><\/figure>\n\n\n\n<h3 class=\"wp-block-heading has-neve-text-color-color has-text-color\">Cartulina Construcci\u00f3n<\/h3>\n\n\n\n<p class=\"has-neve-text-color-color has-text-color\">Resistente y vers\u00e1til, ideal para proyectos escolares, manualidades y estructuras de maquetas.<\/p>\n\n\n\n<div id=\"wp-block-themeisle-blocks-button-group-415c9729\" class=\"wp-block-themeisle-blocks-button-group wp-block-buttons\">\n<div id=\"wp-block-themeisle-blocks-button-45bcc8a8\" class=\"wp-block-themeisle-blocks-button wp-block-button\"><a href=\"https:\/\/bretton.com.gt\/index.php\/product\/cartulina-construccion\/\" target=\"_self\" rel=\"noopener noreferrer\" class=\"wp-block-button__link\"><span>Mostrar Producto<\/span><\/a><\/div>\n<\/div>\n<\/div>\n\n\n\n<div class=\"wp-block-column is-layout-flow wp-block-column-is-layout-flow\">\n<h3 class=\"wp-block-heading has-neve-text-color-color has-text-color\"><\/h3>\n\n\n\n<p class=\"has-neve-text-color-color has-text-color\"><\/p>\n<\/div>\n<\/div>\n\n\n\n<div style=\"height:50px\" aria-hidden=\"true\" class=\"wp-block-spacer\"><\/div>\n","protected":false},"excerpt":{"rendered":"<p>Cartulina Cascara De Huevo Superficie texturizada, ideal para proyectos art\u00edsticos y manualidades. Disponible en tonos sutiles que complementan cualquier dise\u00f1o creativo. Cartulina Arco Iris Vibrante y colorida, perfecta para proyectos art\u00edsticos y manualidades que requieren un toque de alegr\u00eda y creatividad. Cartulina Construcci\u00f3n Resistente y vers\u00e1til, ideal para proyectos escolares, manualidades y estructuras de maquetas.<\/p>\n","protected":false},"author":2,"featured_media":0,"parent":0,"menu_order":0,"comment_status":"closed","ping_status":"closed","template":"","meta":{"_themeisle_gutenberg_block_has_review":false,"_ti_tpc_template_sync":false,"_ti_tpc_template_id":"","footnotes":""},"blocksy_meta":[],"jetpack_sharing_enabled":true,"_links":{"self":[{"href":"https:\/\/bretton.com.gt\/index.php\/wp-json\/wp\/v2\/pages\/1848"}],"collection":[{"href":"https:\/\/bretton.com.gt\/index.php\/wp-json\/wp\/v2\/pages"}],"about":[{"href":"https:\/\/bretton.com.gt\/index.php\/wp-json\/wp\/v2\/types\/page"}],"author":[{"embeddable":true,"href":"https:\/\/bretton.com.gt\/index.php\/wp-json\/wp\/v2\/users\/2"}],"replies":[{"embeddable":true,"href":"https:\/\/bretton.com.gt\/index.php\/wp-json\/wp\/v2\/comments?post=1848"}],"version-history":[{"count":7,"href":"https:\/\/bretton.com.gt\/index.php\/wp-json\/wp\/v2\/pages\/1848\/revisions"}],"predecessor-version":[{"id":7801,"href":"https:\/\/bretton.com.gt\/index.php\/wp-json\/wp\/v2\/pages\/1848\/revisions\/7801"}],"wp:attachment":[{"href":"https:\/\/bretton.com.gt\/index.php\/wp-json\/wp\/v2\/media?parent=1848"}],"curies":[{"name":"wp","href":"https:\/\/api.w.org\/{rel}","templated":true}]}}