{"id":1765,"date":"2024-07-15T21:56:40","date_gmt":"2024-07-15T21:56:40","guid":{"rendered":"https:\/\/bretton.com.gt\/?page_id=1765"},"modified":"2024-07-18T19:56:50","modified_gmt":"2024-07-18T19:56:50","slug":"loncheras","status":"publish","type":"page","link":"https:\/\/bretton.com.gt\/index.php\/loncheras\/","title":{"rendered":"Loncheras"},"content":{"rendered":"\n<div style=\"height:80px\" aria-hidden=\"true\" class=\"wp-block-spacer\"><\/div>\n\n\n\n<div class=\"wp-block-columns is-layout-flex wp-container-core-columns-layout-1 wp-block-columns-is-layout-flex\">\n<div class=\"wp-block-column is-layout-flow wp-block-column-is-layout-flow\">\n<figure class=\"wp-block-image size-large\"><img loading=\"lazy\" decoding=\"async\" width=\"1024\" height=\"819\" src=\"https:\/\/bretton.com.gt\/wp-content\/uploads\/2024\/07\/Estuches-colores-1024x819.jpg\" alt=\"\" class=\"wp-image-2097\" srcset=\"https:\/\/bretton.com.gt\/wp-content\/uploads\/2024\/07\/Estuches-colores-1024x819.jpg 1024w, https:\/\/bretton.com.gt\/wp-content\/uploads\/2024\/07\/Estuches-colores-600x480.jpg 600w, https:\/\/bretton.com.gt\/wp-content\/uploads\/2024\/07\/Estuches-colores-300x240.jpg 300w, https:\/\/bretton.com.gt\/wp-content\/uploads\/2024\/07\/Estuches-colores-768x614.jpg 768w, https:\/\/bretton.com.gt\/wp-content\/uploads\/2024\/07\/Estuches-colores-1536x1229.jpg 1536w, https:\/\/bretton.com.gt\/wp-content\/uploads\/2024\/07\/Estuches-colores-2048x1638.jpg 2048w\" sizes=\"(max-width: 1024px) 100vw, 1024px\" \/><\/figure>\n\n\n\n<h3 class=\"wp-block-heading has-neve-text-color-color has-text-color\">Loncheras de Colores<\/h3>\n\n\n\n<p class=\"has-neve-text-color-color has-text-color\">Nuestras loncheras de colores vibrantes son perfectas para mantener tus comidas frescas y organizadas. Con compartimentos pr\u00e1cticos y un dise\u00f1o atractivo, estas loncheras son ideales para la escuela, el trabajo o las salidas.<\/p>\n\n\n\n<div class=\"wp-block-buttons is-layout-flex wp-block-buttons-is-layout-flex\">\n<div class=\"wp-block-button\"><a class=\"wp-block-button__link wp-element-button\" href=\"https:\/\/bretton.com.gt\/index.php\/product\/loncheras-con-color\/\">Mostrar Productos<\/a><\/div>\n<\/div>\n<\/div>\n\n\n\n<div class=\"wp-block-column is-layout-flow wp-block-column-is-layout-flow\">\n<figure class=\"wp-block-image size-large\"><img loading=\"lazy\" decoding=\"async\" width=\"1024\" height=\"819\" src=\"https:\/\/bretton.com.gt\/wp-content\/uploads\/2024\/07\/Estuches-diseno-1024x819.jpg\" alt=\"\" class=\"wp-image-2098\" srcset=\"https:\/\/bretton.com.gt\/wp-content\/uploads\/2024\/07\/Estuches-diseno-1024x819.jpg 1024w, https:\/\/bretton.com.gt\/wp-content\/uploads\/2024\/07\/Estuches-diseno-600x480.jpg 600w, https:\/\/bretton.com.gt\/wp-content\/uploads\/2024\/07\/Estuches-diseno-300x240.jpg 300w, https:\/\/bretton.com.gt\/wp-content\/uploads\/2024\/07\/Estuches-diseno-768x614.jpg 768w, https:\/\/bretton.com.gt\/wp-content\/uploads\/2024\/07\/Estuches-diseno-1536x1229.jpg 1536w, https:\/\/bretton.com.gt\/wp-content\/uploads\/2024\/07\/Estuches-diseno-2048x1638.jpg 2048w\" sizes=\"(max-width: 1024px) 100vw, 1024px\" \/><\/figure>\n\n\n\n<h3 class=\"wp-block-heading has-neve-text-color-color has-text-color\">Loncheras con Dise\u00f1os<\/h3>\n\n\n\n<p class=\"has-neve-text-color-color has-text-color\">Nuestras loncheras con dise\u00f1os encantadores para ni\u00f1os y ni\u00f1as vienen con personajes \u00fanicos y colores vibrantes. \u00a1A tus peque\u00f1os les encantar\u00e1 llevar su comida en nuestras divertidas loncheras! Son perfectas para el uso diario en la escuela, en las excursiones o en cualquier salida.<\/p>\n\n\n\n<div class=\"wp-block-buttons is-layout-flex wp-block-buttons-is-layout-flex\">\n<div class=\"wp-block-button\"><a class=\"wp-block-button__link wp-element-button\" href=\"https:\/\/bretton.com.gt\/index.php\/product\/loncheras-con-diseno\/\">Mostrar Productos<\/a><\/div>\n<\/div>\n<\/div>\n<\/div>\n\n\n\n<div style=\"height:50px\" aria-hidden=\"true\" class=\"wp-block-spacer\"><\/div>\n","protected":false},"excerpt":{"rendered":"<p>Loncheras de Colores Nuestras loncheras de colores vibrantes son perfectas para mantener tus comidas frescas y organizadas. Con compartimentos pr\u00e1cticos y un dise\u00f1o atractivo, estas loncheras son ideales para la escuela, el trabajo o las salidas. Loncheras con Dise\u00f1os Nuestras loncheras con dise\u00f1os encantadores para ni\u00f1os y ni\u00f1as vienen con personajes \u00fanicos y colores vibrantes. [&hellip;]<\/p>\n","protected":false},"author":1,"featured_media":0,"parent":0,"menu_order":0,"comment_status":"closed","ping_status":"closed","template":"","meta":{"_themeisle_gutenberg_block_has_review":false,"_ti_tpc_template_sync":false,"_ti_tpc_template_id":"","footnotes":""},"blocksy_meta":[],"jetpack_sharing_enabled":true,"_links":{"self":[{"href":"https:\/\/bretton.com.gt\/index.php\/wp-json\/wp\/v2\/pages\/1765"}],"collection":[{"href":"https:\/\/bretton.com.gt\/index.php\/wp-json\/wp\/v2\/pages"}],"about":[{"href":"https:\/\/bretton.com.gt\/index.php\/wp-json\/wp\/v2\/types\/page"}],"author":[{"embeddable":true,"href":"https:\/\/bretton.com.gt\/index.php\/wp-json\/wp\/v2\/users\/1"}],"replies":[{"embeddable":true,"href":"https:\/\/bretton.com.gt\/index.php\/wp-json\/wp\/v2\/comments?post=1765"}],"version-history":[{"count":4,"href":"https:\/\/bretton.com.gt\/index.php\/wp-json\/wp\/v2\/pages\/1765\/revisions"}],"predecessor-version":[{"id":2102,"href":"https:\/\/bretton.com.gt\/index.php\/wp-json\/wp\/v2\/pages\/1765\/revisions\/2102"}],"wp:attachment":[{"href":"https:\/\/bretton.com.gt\/index.php\/wp-json\/wp\/v2\/media?parent=1765"}],"curies":[{"name":"wp","href":"https:\/\/api.w.org\/{rel}","templated":true}]}}